e 5*o - 23 = c + 25, -5*o + 5*c = -40. Calculate the greatest common factor of 50 and o.
10
Suppose m - 1 + 3 = -5*v, -4*v - 10 = 5*m. Let h be 6/((-29)/16 - m). Calculate the greatest common factor of h and 8.
8
Suppose 3*u - 19 = t, 0 = -4*u + u + 3*t + 9. Calculate the highest common divisor of u and 72.
8
Suppose -5*z + r + 18 = 0, -6 = -5*r + 4. Calculate the greatest common divisor of z and 18.
2
Let d(z) = 5*z - 9. Suppose o - 2 = 4. Let a be d(o). Suppose -15*c - 7 = -16*c. Calculate the greatest common divisor of c and a.
7
Let s be (1 + -1)/(-4 - 0). Let g = 406 + -106. Let k be g/8*(s - -2). What is the greatest common factor of k and 15?
15
Let y(a) = 18*a**2 - 5*a + 1. Let t be y(2). Calculate the greatest common factor of 42 and t.
21
Let p = -5 + 6. Let w(q) = 65*q**2 - q + 1. Let h be w(p). Calculate the greatest common divisor of 13 and h.
13
Let s(x) = 3*x**2 - 21*x + 14. Let d be s(10). Calculate the greatest common divisor of d and 26.
26
Let c(q) = -q**2 + 13*q + 8. Let d be c(10). What is the highest common divisor of 114 and d?
38
Let f be 6/2 + -2 - -1. Suppose -2*o = 2*o - f*r - 284, -66 = -o - 2*r. What is the greatest common divisor of 28 and o?
14
Suppose q = -3*q + 12, -m + 25 = 3*q. What is the highest common factor of 8 and m?
8
Let t be -11*(3 - 2)*1. Let w = 22 + t. Calculate the greatest common divisor of 11 and w.
11
Let a be (-5)/(-2)*(-520)/(-50). What is the highest common factor of a and 39?
13
Let u = 4 + -2. Let z be ((-5)/u + 1)*-2. Suppose -f - 6 = -3*f, -z*f = -5*v + 171. Calculate the highest common factor of 24 and v.
12
Let g = 13 + -9. Suppose 0*t - 3*t = -g*u - 4, -u = -2*t + 6. Let o = 13 + 15. What is the greatest common factor of t and o?
4
Let r(c) be the third derivative of -c**5/60 - c**4/4 - c**3 - 2*c**2. Let i be r(-5). Let z be 2*i*-21 - -2. What is the greatest common divisor of 11 and z?
11
Suppose -o - 2*y = -356, -o + 2*o = 3*y + 371. Suppose -3*t - 4*w + 127 + 225 = 0, 3*t - w = o. What is the greatest common divisor of t and 12?
12
Let m = -10 - -5. Let u(a) = 2*a**2 - 2*a + 4. Let d be u(m). Let x(t) = t + 14. Let o be x(-6). What is the greatest common divisor of d and o?
8
Let f = -24 + 52. Let v be (-10)/4*f/35. Let p be 88 + 0/(v/(-2)). What is the greatest common factor of p and 11?
11
Let m(v) = -v**2 - 3*v - 1. Let y be m(-4). Let t = y - -9. Suppose 384 = -o + t*o. Calculate the greatest common divisor of o and 16.
16
Suppose -4*k = -6*k + 96. Let o(n) = -19*n + 6. Let i be o(-6). What is the highest common factor of k and i?
24
Let k = -26 + 28. Suppose k*o = 3*o - 3. Calculate the highest common divisor of o and 2.
1
Let j = 25 + -20. Suppose -51 = -2*q + j*g + 13, -4*q + 156 = -3*g. Calculate the highest common divisor of q and 14.
14
Let t be 44/(-33)*(-1 + -59). Let i be (16*-2)/(-1*1). Calculate the greatest common factor of t and i.
16
Let j = -2 + 9. Let h(i) = -i**2 + 7*i. Let w be h(j). Suppose -1 = -l - w. Calculate the greatest common divisor of 5 and l.
1
Suppose 4*z + 2*o = 20, -4*o = 5*z + o - 25. Suppose -4*m + 2*w = -4, -z*m + 0*m = -5*w + 5. What is the greatest common divisor of m and 21?
3
Let y(l) = 2*l**2 + 2*l - 9. Let n be y(-4). Let b be 2/5 + 13/5. Calculate the greatest common divisor of b and n.
3
Suppose 0 - 13 = -y. Calculate the greatest common divisor of y and 65.
13
Let i(q) = q - 2. Let u be i(5). Suppose -u*t = -3*j + 6, 4*t + 3*j - 1 = 12. Suppose 0 = -0*c + 8*c - 56. What is the highest common factor of c and t?
1
Suppose 8*a - 3*a = 0. Suppose i + 0*i - 108 = 2*c, 5*i + 2*c - 564 = a. Calculate the highest common divisor of 14 and i.
14
Let w(d) = -29*d + 4. Suppose 5*x - 3*p + 11 = -0*p, 5*x = 2*p - 14. Let c be w(x). Calculate the highest common divisor of 15 and c.
15
Suppose -h + 5*h - 20 = -4*z, -37 = -5*z - 2*h. Suppose k = -2 + z. What is the greatest common divisor of 21 and k?
7
Let o be 25*5/(25/5). Calculate the greatest common divisor of o and 15.
5
Let o(l) = l**2 - 5*l - 3. Let b = 9 - 16. Let x be o(b). Calculate the highest common factor of 9 and x.
9
Suppose -j + 11 + 4 = 0. What is the highest common factor of j and 90?
15
Let b be 6/9 + 103/3. Suppose -5*x - 5*u + b = 0, 3*x - 5*x - 5*u = -26. What is the highest common factor of x and 3?
3
Suppose 2*l = 7*l - 70. Let g(r) = r**3 - 3*r**3 - 7*r + 10*r**2 + 0*r**3 + r**3. Let o be g(7). What is the highest common factor of l and o?
14
Suppose 140 = 6*b - 2*b. What is the highest common divisor of b and 7?
7
Suppose -37 = -4*j + 91. What is the greatest common factor of j and 80?
16
Suppose -3*d - 2*d - 5*i = -15, 3*i + 23 = 5*d. Suppose m = -3*m. Suppose m*s = -3*s + 6. Calculate the highest common factor of s and d.
2
Let g(k) = -30*k - 12. Let s be g(-6). What is the highest common divisor of s and 24?
24
Suppose -2*p = -3*p + 56. What is the highest common divisor of p and 28?
28
Let q(u) = u**3 - u**2 - u + 9. Suppose -v + o + 5 = -4*o, -3*v + 5*o + 5 = 0. Let n be q(v). What is the highest common divisor of n and 81?
9
Suppose -4*p = 2*r + 2*r - 28, -r + 4 = 2*p. Calculate the highest common factor of r and 110.
10
Let c = -17 - -23. Calculate the highest common divisor of c and 9.
3
Suppose 122 + 214 = 8*j. Calculate the highest common factor of 6 and j.
6
Suppose -6 = -0*d - 2*d. Suppose 0*l - 105 = -d*l. What is the greatest common divisor of 7 and l?
7
Let x be 16/10 + (-2)/(-5). Let f(d) = d**2 - 7*d + 8. Let n be f(8). Let b be n/10 + (-4)/(-10). Calculate the greatest common factor of x and b.
2
Let w = 19 + -17. Suppose -q - 6 = -w*q + 2*t, q + 2 = -2*t. Calculate the greatest common divisor of 2 and q.
2
Let j = -6 - -8. Suppose -16 = -4*o, 0 = j*m - o - 16. Calculate the greatest common divisor of 20 and m.
10
Let d = 3 - 2. Let a be (-18)/(-2 + -1)*d. What is the greatest common factor of a and 12?
6
Let k be 16/12*3/2. Calculate the greatest common factor of k and 4.
2
Let s be 9/(-18)*(-1 + -45). Let w(t) = -14*t**3 - 3*t - 3. Let y be w(-2). Calculate the highest common factor of s and y.
23
Let v(z) = -2*z**3 - 8*z**2 - 17*z - 12. Let p be v(-6). What is the greatest common factor of p and 26?
26
Let g = 36 - 22. Let y(u) = -u**2 - 12*u - 13. Let h be y(-9). What is the greatest common divisor of g and h?
14
Let d(y) = 5*y + 1. Let h be d(3). Let k be 2/(-4)*0 + 5. Suppose -a + 3*p = -12, 0*p - 28 = -2*a + k*p. Calculate the greatest common divisor of a and h.
8
Let p = 5 + 8. Let u(z) = -7*z - 1. Let j be u(-2). What is the greatest common divisor of p and j?
13
Let j = 5 - -4. Let y(z) = -2*z + 26. Let v be y(11). Suppose -j*p + 40 = -v*p. What is the highest common factor of 88 and p?
8
Let g = -21 - -51. What is the greatest common factor of g and 10?
10
Let f(b) = b**3 - 5*b**2 + b - 6. Let u be f(4). Let l = -4 + -1. Let d = l - u. What is the greatest common factor of 26 and d?
13
Let b(d) = d - 3. Let i be b(8). Suppose 0 = i*w - 0*w - 720. What is the highest common factor of 16 and w?
16
Let f(r) be the second derivative of r**4/12 + r**3 + r**2/2 - 2*r. Let l be f(-6). What is the greatest common divisor of 7 and l?
1
Let k be 8/2 + 9 + -4. What is the highest common factor of k and 54?
9
Let l(k) = -32*k + 15. Let s be l(-5). What is the greatest common factor of 70 and s?
35
Suppose -10*r + 5*r + 45 = 0. Let l = 68 + r. Let z = -9 - -16. What is the greatest common divisor of l and z?
7
Let s(f) = f + 9. Let k be s(-4). What is the greatest common divisor of k and 20?
5
Let l(k) = -26*k - 4. Let j be l(-3). Suppose -26 = -2*p + j. Suppose -5*i + 58 = -v + 3*v, 0 = i + v - 14. Calculate the greatest common factor of i and p.
10
Suppose 15 = 5*t - 45. Suppose -j + 5*w + 15 = 2*w, -2*j = -2*w - 18. Calculate the highest common divisor of t and j.
6
Let p(c) = c**2 + 9*c - 1. Let f be p(-5). Let m be (-741)/f - (-2)/(-7). What is the highest common divisor of m and 7?
7
Let v = -46 + 62. What is the highest common divisor of 144 and v?
16
Suppose -3*v + 44 = -28. Suppose -2 - v = -2*u. Suppose 0*w - w = -u. What is the highest common divisor of w and 26?
13
Let j(h) = h**3 + 3*h**2 - 5*h + 1. Let f be j(-4). Suppose -9 - f = -2*t. What is the greatest common factor of t and 49?
7
Let i(l) = l + 5 + l**3 - 9 + 0*l. Let w be i(4). Cal